{"id":343,"date":"2025-05-20T19:32:15","date_gmt":"2025-05-20T17:32:15","guid":{"rendered":"https:\/\/bestcar.hr\/?page_id=343"},"modified":"2025-05-27T09:19:15","modified_gmt":"2025-05-27T07:19:15","slug":"company-information","status":"publish","type":"page","link":"https:\/\/bestcar.hr\/?page_id=343","title":{"rendered":"Company information"},"content":{"rendered":"<p>[vc_row][vc_column][vc_column_text]Company legal name:<b><br \/>\nBEST CAR d.o.o.<\/b><\/p>\n<p>Address:<br \/>\n<strong>\u017dabori\u0107ka 3 C, 22000 \u0160ibenik<\/strong><br \/>\n<strong>Croatia<br \/>\n<\/strong><\/p>\n<p>VAT number:<br \/>\n<strong>05588273976<\/strong><\/p>\n<p>VAT ID:<br \/>\n<strong>HR05588273976<\/strong><\/p>\n<p>EUID:<br \/>\n<strong>HRSR.110074861<\/strong><\/p>\n<p>MB:<br \/>\n<strong>110074861<\/strong><\/p>\n<p><strong>Competent court:<\/strong><br \/>\nCommercial Court in Zadar &#8211; permanent service in \u0160ibenik<\/p>\n<p>E-mail address:<br \/>\n<strong>info@bestcar.hr<\/strong><\/p>\n<p>Phone number:<br \/>\n<strong>+385 99 222 4500<\/strong>[\/vc_column_text][\/vc_column][\/vc_row]<\/p>\n","protected":false},"excerpt":{"rendered":"<p>[vc_row][vc_column][vc_column_text]Company legal name: BEST CAR d.o.o. Address: \u017dabori\u0107ka 3 C, 22000 \u0160ibenik Croatia VAT number: 05588273976 VAT ID: HR05588273976 EUID: HRSR.110074861 MB: 110074861 Competent court:&hellip;<\/p>\n<p><a href=\"https:\/\/bestcar.hr\/?page_id=343\" class=\"read-more-link\">Read more<\/a><\/p>\n","protected":false},"author":1,"featured_media":0,"parent":0,"menu_order":0,"comment_status":"closed","ping_status":"closed","template":"","meta":{"footnotes":""},"class_list":["post-343","page","type-page","status-publish","hentry"],"_links":{"self":[{"href":"https:\/\/bestcar.hr\/index.php?rest_route=\/wp\/v2\/pages\/343","targetHints":{"allow":["GET"]}}],"collection":[{"href":"https:\/\/bestcar.hr\/index.php?rest_route=\/wp\/v2\/pages"}],"about":[{"href":"https:\/\/bestcar.hr\/index.php?rest_route=\/wp\/v2\/types\/page"}],"author":[{"embeddable":true,"href":"https:\/\/bestcar.hr\/index.php?rest_route=\/wp\/v2\/users\/1"}],"replies":[{"embeddable":true,"href":"https:\/\/bestcar.hr\/index.php?rest_route=%2Fwp%2Fv2%2Fcomments&post=343"}],"version-history":[{"count":3,"href":"https:\/\/bestcar.hr\/index.php?rest_route=\/wp\/v2\/pages\/343\/revisions"}],"predecessor-version":[{"id":399,"href":"https:\/\/bestcar.hr\/index.php?rest_route=\/wp\/v2\/pages\/343\/revisions\/399"}],"wp:attachment":[{"href":"https:\/\/bestcar.hr\/index.php?rest_route=%2Fwp%2Fv2%2Fmedia&parent=343"}],"curies":[{"name":"wp","href":"https:\/\/api.w.org\/{rel}","templated":true}]}}